{"id":5227,"date":"2025-05-23T10:24:30","date_gmt":"2025-05-23T10:24:30","guid":{"rendered":"https:\/\/bloc4.coop\/?post_type=agenda&#038;p=5227"},"modified":"2025-05-23T10:24:32","modified_gmt":"2025-05-23T10:24:32","slug":"com-gestionem-internament-la-prevencio-de-riscos","status":"publish","type":"agenda","link":"https:\/\/bloc4.coop\/es\/agenda\/com-gestionem-internament-la-prevencio-de-riscos\/","title":{"rendered":"Com gestionem internament la prevenci\u00f3 de riscos?"},"content":{"rendered":"\n<p>Coneixem els&nbsp;<strong>riscos associats a la feina<\/strong>&nbsp;que fem a l\u2019entitat? Prenem prou mesures per&nbsp;<strong>evitar accidents i malalties professionals<\/strong>?&nbsp;En aquesta formaci\u00f3 coneixerem aspectes claus per fer un abordatge cur\u00f3s de la prevenci\u00f3 de riscos a les entitats de l\u2019ESS. Formaci\u00f3 impartida per Eva Ferr\u00e9 de la&nbsp;<strong>QPerativa.<\/strong><\/p>\n\n\n\n<p><\/p>\n","protected":false},"excerpt":{"rendered":"<p>Coneixem els riscos associats a la feina que fem a l\u2019entitat? Prenem prou mesures per evitar accidents i malalties professionals? En aquesta formaci\u00f3 coneixerem aspectes claus per fer un abordatge cur\u00f3s de la prevenci\u00f3 de riscos a les entitats de l\u2019ESS. Formaci\u00f3 impartida per Eva Ferr\u00e9 de la QPerativa.<\/p>\n","protected":false},"featured_media":5228,"template":"","categoria-agenda":[],"class_list":["post-5227","agenda","type-agenda","status-publish","has-post-thumbnail","hentry"],"acf":[],"_links":{"self":[{"href":"https:\/\/bloc4.coop\/es\/wp-json\/wp\/v2\/agenda\/5227","targetHints":{"allow":["GET"]}}],"collection":[{"href":"https:\/\/bloc4.coop\/es\/wp-json\/wp\/v2\/agenda"}],"about":[{"href":"https:\/\/bloc4.coop\/es\/wp-json\/wp\/v2\/types\/agenda"}],"version-history":[{"count":0,"href":"https:\/\/bloc4.coop\/es\/wp-json\/wp\/v2\/agenda\/5227\/revisions"}],"wp:featuredmedia":[{"embeddable":true,"href":"https:\/\/bloc4.coop\/es\/wp-json\/wp\/v2\/media\/5228"}],"wp:attachment":[{"href":"https:\/\/bloc4.coop\/es\/wp-json\/wp\/v2\/media?parent=5227"}],"wp:term":[{"taxonomy":"categoria-agenda","embeddable":true,"href":"https:\/\/bloc4.coop\/es\/wp-json\/wp\/v2\/categoria-agenda?post=5227"}],"curies":[{"name":"wp","href":"https:\/\/api.w.org\/{rel}","templated":true}]}}

Com gestionem internament la prevenció de riscos?

<p>Coneixem els&nbsp;<strong>riscos associats a la feina</strong>&nbsp;que fem a l’entitat? Prenem prou mesures per&nbsp;<strong>evitar accidents i malalties professionals</strong>?&nbsp;En aquesta formació coneixerem aspectes claus per fer un abordatge curós de la prevenció de riscos a les entitats de l’ESS. Formació impartida per Eva Ferré de la&nbsp;<strong>QPerativa.</strong></p>



<p></p>

<p>Coneixem els riscos associats a la feina que fem a l’entitat? Prenem prou mesures per evitar accidents i malalties professionals? En aquesta formació coneixerem aspectes claus per fer un abordatge curós de la prevenció de riscos a les entitats de l’ESS. Formació impartida per Eva Ferré de la QPerativa.</p>
