{"id":6090,"date":"2025-09-23T11:37:04","date_gmt":"2025-09-23T11:37:04","guid":{"rendered":"https:\/\/bloc4.coop\/?post_type=agenda&#038;p=6090"},"modified":"2025-09-23T11:37:05","modified_gmt":"2025-09-23T11:37:05","slug":"vine-a-coneixer-la-comunitat-energetica-de-la-bordeta","status":"publish","type":"agenda","link":"https:\/\/bloc4.coop\/es\/agenda\/vine-a-coneixer-la-comunitat-energetica-de-la-bordeta\/","title":{"rendered":"Vine a con\u00e8ixer la Comunitat Energ\u00e8tica de La Bordeta"},"content":{"rendered":"\n<p>Descobreix el futur energ\u00e8tic dels barris! Vine a con\u00e8ixer la hist\u00f2ria de la&nbsp;<a href=\"https:\/\/comunitatbordeta.batec.coop\/\" target=\"_blank\" rel=\"noreferrer noopener\"><strong>Comunitat Energ\u00e8tica de La Bordeta<\/strong><\/a>, el proc\u00e9s de constituci\u00f3 de l\u2019entitat i els projectes que ja tenen i s\u2019estan implementant al barri. Tamb\u00e9 el que tenen preparats per als pr\u00f2xims mesos i els desafiaments que comporten. La CELB est\u00e0 en una fase de creixement, i volen donar a con\u00e8ixer la seva realitat i com s\u2019emmarca dins del territori.<\/p>\n","protected":false},"excerpt":{"rendered":"<p>Descobreix el futur energ\u00e8tic dels barris! Vine a con\u00e8ixer la hist\u00f2ria de la Comunitat Energ\u00e8tica de La Bordeta, el proc\u00e9s de constituci\u00f3 de l\u2019entitat i els projectes que ja tenen i s\u2019estan implementant al barri. Tamb\u00e9 el que tenen preparats per als pr\u00f2xims mesos i els desafiaments que comporten. La CELB est\u00e0 en una fase de creixement, i volen donar a con\u00e8ixer la seva realitat i com s\u2019emmarca dins del territori.<\/p>\n","protected":false},"featured_media":6091,"template":"","categoria-agenda":[12],"class_list":["post-6090","agenda","type-agenda","status-publish","has-post-thumbnail","hentry","categoria-agenda-formacions"],"acf":[],"_links":{"self":[{"href":"https:\/\/bloc4.coop\/es\/wp-json\/wp\/v2\/agenda\/6090","targetHints":{"allow":["GET"]}}],"collection":[{"href":"https:\/\/bloc4.coop\/es\/wp-json\/wp\/v2\/agenda"}],"about":[{"href":"https:\/\/bloc4.coop\/es\/wp-json\/wp\/v2\/types\/agenda"}],"version-history":[{"count":0,"href":"https:\/\/bloc4.coop\/es\/wp-json\/wp\/v2\/agenda\/6090\/revisions"}],"wp:featuredmedia":[{"embeddable":true,"href":"https:\/\/bloc4.coop\/es\/wp-json\/wp\/v2\/media\/6091"}],"wp:attachment":[{"href":"https:\/\/bloc4.coop\/es\/wp-json\/wp\/v2\/media?parent=6090"}],"wp:term":[{"taxonomy":"categoria-agenda","embeddable":true,"href":"https:\/\/bloc4.coop\/es\/wp-json\/wp\/v2\/categoria-agenda?post=6090"}],"curies":[{"name":"wp","href":"https:\/\/api.w.org\/{rel}","templated":true}]}}

Vine a conèixer la Comunitat Energètica de La Bordeta

<p>Descobreix el futur energètic dels barris! Vine a conèixer la història de la&nbsp;<a href="https://comunitatbordeta.batec.coop/" target="_blank" rel="noreferrer noopener"><strong>Comunitat Energètica de La Bordeta</strong></a>, el procés de constitució de l’entitat i els projectes que ja tenen i s’estan implementant al barri. També el que tenen preparats per als pròxims mesos i els desafiaments que comporten. La CELB està en una fase de creixement, i volen donar a conèixer la seva realitat i com s’emmarca dins del territori.</p>

<p>Descobreix el futur energètic dels barris! Vine a conèixer la història de la Comunitat Energètica de La Bordeta, el procés de constitució de l’entitat i els projectes que ja tenen i s’estan implementant al barri. També el que tenen preparats per als pròxims mesos i els desafiaments que comporten. La CELB està en una fase de creixement, i volen donar a conèixer la seva realitat i com s’emmarca dins del territori.</p>
