{"id":6106,"date":"2025-09-23T11:44:42","date_gmt":"2025-09-23T11:44:42","guid":{"rendered":"https:\/\/bloc4.coop\/?post_type=agenda&#038;p=6106"},"modified":"2025-09-23T11:44:43","modified_gmt":"2025-09-23T11:44:43","slug":"el-canvas-social-disseny-de-models-de-sostenibilitat-3","status":"publish","type":"agenda","link":"https:\/\/bloc4.coop\/es\/agenda\/el-canvas-social-disseny-de-models-de-sostenibilitat-3\/","title":{"rendered":"El Canvas Social: disseny de models de sostenibilitat"},"content":{"rendered":"\n<p>En aquesta sessi\u00f3&nbsp;<strong>repassarem de forma introduct\u00f2ria l\u2019eina Canvas Social<\/strong>&nbsp;de disseny de model de negoci (o de sostenibilitat). Va dirigida a iniciatives de&nbsp;nova creaci\u00f3 i tamb\u00e9 a les que vulgueu millorar el vostre projecte ja en funcionament. Per a qu\u00e8 us pot servir la sessi\u00f3?<\/p>\n\n\n\n<p>El Canvas Social, entre altres:<\/p>\n\n\n\n<p>\u2013&nbsp;<strong>Facilita la visi\u00f3 de conjunt<\/strong>&nbsp;dins l\u2019equip a partir del treball en profunditat dels diferents elements clau per fer sostenible el vostre projecte.<br>\u2013 Facilita la s\u00edntesi a l\u2019hora de prendre decisions, per\u00f2 tamb\u00e9 quan fem una presentaci\u00f3 del projecte davant de terceres persones, ja que permet&nbsp;<strong>visualitzar elements diferents i donar coher\u00e8ncia al projecte.<\/strong><br>\u2013 En definitiva, s\u2019acaba el \u201cbla, bla, bla\u201d, \u00e9s hora de concretar.<\/p>\n\n\n\n<p>Aquesta formaci\u00f3 ser\u00e0<strong>&nbsp;impartida per&nbsp;<a href=\"https:\/\/www.calidoscoop.coop\/\" target=\"_blank\" rel=\"noreferrer noopener\">Calidoscoop<\/a>.<\/strong><\/p>\n","protected":false},"excerpt":{"rendered":"<p>En aquesta sessi\u00f3 repassarem de forma introduct\u00f2ria l\u2019eina Canvas Social de disseny de model de negoci (o de sostenibilitat). Va dirigida a iniciatives de nova creaci\u00f3 i tamb\u00e9 a les que vulgueu millorar el vostre projecte ja en funcionament. Per a qu\u00e8 us pot servir la sessi\u00f3?<\/p>\n","protected":false},"featured_media":6107,"template":"","categoria-agenda":[12],"class_list":["post-6106","agenda","type-agenda","status-publish","has-post-thumbnail","hentry","categoria-agenda-formacions"],"acf":[],"_links":{"self":[{"href":"https:\/\/bloc4.coop\/es\/wp-json\/wp\/v2\/agenda\/6106","targetHints":{"allow":["GET"]}}],"collection":[{"href":"https:\/\/bloc4.coop\/es\/wp-json\/wp\/v2\/agenda"}],"about":[{"href":"https:\/\/bloc4.coop\/es\/wp-json\/wp\/v2\/types\/agenda"}],"version-history":[{"count":0,"href":"https:\/\/bloc4.coop\/es\/wp-json\/wp\/v2\/agenda\/6106\/revisions"}],"wp:featuredmedia":[{"embeddable":true,"href":"https:\/\/bloc4.coop\/es\/wp-json\/wp\/v2\/media\/6107"}],"wp:attachment":[{"href":"https:\/\/bloc4.coop\/es\/wp-json\/wp\/v2\/media?parent=6106"}],"wp:term":[{"taxonomy":"categoria-agenda","embeddable":true,"href":"https:\/\/bloc4.coop\/es\/wp-json\/wp\/v2\/categoria-agenda?post=6106"}],"curies":[{"name":"wp","href":"https:\/\/api.w.org\/{rel}","templated":true}]}}

<p>En aquesta sessió&nbsp;<strong>repassarem de forma introductòria l’eina Canvas Social</strong>&nbsp;de disseny de model de negoci (o de sostenibilitat). Va dirigida a iniciatives de&nbsp;nova creació i també a les que vulgueu millorar el vostre projecte ja en funcionament. Per a què us pot servir la sessió?</p>



<p>El Canvas Social, entre altres:</p>



<p>–&nbsp;<strong>Facilita la visió de conjunt</strong>&nbsp;dins l’equip a partir del treball en profunditat dels diferents elements clau per fer sostenible el vostre projecte.<br>– Facilita la síntesi a l’hora de prendre decisions, però també quan fem una presentació del projecte davant de terceres persones, ja que permet&nbsp;<strong>visualitzar elements diferents i donar coherència al projecte.</strong><br>– En definitiva, s’acaba el “bla, bla, bla”, és hora de concretar.</p>



<p>Aquesta formació serà<strong>&nbsp;impartida per&nbsp;<a href="https://www.calidoscoop.coop/" target="_blank" rel="noreferrer noopener">Calidoscoop</a>.</strong></p>

<p>En aquesta sessió repassarem de forma introductòria l’eina Canvas Social de disseny de model de negoci (o de sostenibilitat). Va dirigida a iniciatives de nova creació i també a les que vulgueu millorar el vostre projecte ja en funcionament. Per a què us pot servir la sessió?</p>
