{"id":6413,"date":"2026-01-26T09:05:47","date_gmt":"2026-01-26T09:05:47","guid":{"rendered":"https:\/\/bloc4.coop\/?post_type=agenda&#038;p=6413"},"modified":"2026-01-26T09:54:28","modified_gmt":"2026-01-26T09:54:28","slug":"introduccio-al-cooperativisme-des-de-leducacio-popular","status":"publish","type":"agenda","link":"https:\/\/bloc4.coop\/es\/agenda\/introduccio-al-cooperativisme-des-de-leducacio-popular\/","title":{"rendered":"Introducci\u00f3 al cooperativisme des de l\u2019educaci\u00f3 popular"},"content":{"rendered":"\n<p>En aquesta formaci\u00f3 es far\u00e0 una&nbsp;<strong>aproximaci\u00f3 al cooperativisme<\/strong>&nbsp;sota l\u2019enfocament de l\u2019educaci\u00f3 popular.<\/p>\n\n\n\n<p>Descobrirem conjuntament el cooperativisme com a&nbsp;<strong>resposta situada a necessitats reals<\/strong>, amb&nbsp;<strong>perspectiva feminista, antiracista i comunit\u00e0ria<\/strong>. De forma pr\u00e0ctica i vivencial, comprendrem el cooperativisme com a&nbsp;<strong>opci\u00f3 pol\u00edtica, econ\u00f2mica i col\u00b7lectiva<\/strong>, contrastant l\u2019emprenedoria neoliberal amb l\u2019<strong>emprenedoria cooperativa<\/strong>.<\/p>\n\n\n\n<p>A c\u00e0rrec de&nbsp;<a href=\"https:\/\/www.latregua.coop\/\" target=\"_blank\" rel=\"noreferrer noopener\">La Tregua<\/a>.<\/p>\n\n\n\n<p><\/p>\n","protected":false},"excerpt":{"rendered":"<p>En aquesta formaci\u00f3 es far\u00e0 una&nbsp;aproximaci\u00f3 al cooperativisme&nbsp;sota l\u2019enfocament de l\u2019educaci\u00f3 popular. Descobrirem conjuntament el cooperativisme com a&nbsp;resposta situada a necessitats reals, amb&nbsp;perspectiva feminista, antiracista i comunit\u00e0ria. De forma pr\u00e0ctica i vivencial, comprendrem el cooperativisme com a&nbsp;opci\u00f3 pol\u00edtica, econ\u00f2mica i col\u00b7lectiva, contrastant l\u2019emprenedoria neoliberal amb l\u2019emprenedoria cooperativa. A c\u00e0rrec de&nbsp;La Tregua.<\/p>\n","protected":false},"featured_media":6414,"template":"","categoria-agenda":[],"class_list":["post-6413","agenda","type-agenda","status-publish","has-post-thumbnail","hentry"],"acf":[],"_links":{"self":[{"href":"https:\/\/bloc4.coop\/es\/wp-json\/wp\/v2\/agenda\/6413","targetHints":{"allow":["GET"]}}],"collection":[{"href":"https:\/\/bloc4.coop\/es\/wp-json\/wp\/v2\/agenda"}],"about":[{"href":"https:\/\/bloc4.coop\/es\/wp-json\/wp\/v2\/types\/agenda"}],"version-history":[{"count":0,"href":"https:\/\/bloc4.coop\/es\/wp-json\/wp\/v2\/agenda\/6413\/revisions"}],"wp:featuredmedia":[{"embeddable":true,"href":"https:\/\/bloc4.coop\/es\/wp-json\/wp\/v2\/media\/6414"}],"wp:attachment":[{"href":"https:\/\/bloc4.coop\/es\/wp-json\/wp\/v2\/media?parent=6413"}],"wp:term":[{"taxonomy":"categoria-agenda","embeddable":true,"href":"https:\/\/bloc4.coop\/es\/wp-json\/wp\/v2\/categoria-agenda?post=6413"}],"curies":[{"name":"wp","href":"https:\/\/api.w.org\/{rel}","templated":true}]}}

Introducció al cooperativisme des de l’educació popular

<p>En aquesta formació es farà una&nbsp;<strong>aproximació al cooperativisme</strong>&nbsp;sota l’enfocament de l’educació popular.</p>



<p>Descobrirem conjuntament el cooperativisme com a&nbsp;<strong>resposta situada a necessitats reals</strong>, amb&nbsp;<strong>perspectiva feminista, antiracista i comunitària</strong>. De forma pràctica i vivencial, comprendrem el cooperativisme com a&nbsp;<strong>opció política, econòmica i col·lectiva</strong>, contrastant l’emprenedoria neoliberal amb l’<strong>emprenedoria cooperativa</strong>.</p>



<p>A càrrec de&nbsp;<a href="https://www.latregua.coop/" target="_blank" rel="noreferrer noopener">La Tregua</a>.</p>



<p></p>

<p>En aquesta formació es farà una&nbsp;aproximació al cooperativisme&nbsp;sota l’enfocament de l’educació popular. Descobrirem conjuntament el cooperativisme com a&nbsp;resposta situada a necessitats reals, amb&nbsp;perspectiva feminista, antiracista i comunitària. De forma pràctica i vivencial, comprendrem el cooperativisme com a&nbsp;opció política, econòmica i col·lectiva, contrastant l’emprenedoria neoliberal amb l’emprenedoria cooperativa. A càrrec de&nbsp;La Tregua.</p>
