{"id":6688,"date":"2026-03-23T12:54:13","date_gmt":"2026-03-23T12:54:13","guid":{"rendered":"https:\/\/bloc4.coop\/?post_type=agenda&#038;p=6688"},"modified":"2026-03-23T12:54:14","modified_gmt":"2026-03-23T12:54:14","slug":"relacions-laborals-a-la-cooperativa","status":"publish","type":"agenda","link":"https:\/\/bloc4.coop\/es\/agenda\/relacions-laborals-a-la-cooperativa\/","title":{"rendered":"Relacions laborals a la cooperativa"},"content":{"rendered":"\n<p>Quines&nbsp;<strong>relacions laborals<\/strong>&nbsp;es poden donar dins d\u2019una&nbsp;<strong>cooperativa<\/strong>? Quines normes s\u2019apliquen a aquestes relacions? En aquesta jornada, aprendrem sobre els col\u00b7lectius que poden prestar serveis laborals a la nostra cooperativa i identificarem els seus drets i obligacions.&nbsp;S\u2019abordaran tant l\u2019<strong>\u00e0mbit societari<\/strong>&nbsp;com del&nbsp;<strong>personal contractat.<\/strong><\/p>\n\n\n\n<p>A c\u00e0rrec de&nbsp;Mois\u00e9s Lara de&nbsp;<strong>FGC Advocats.<\/strong><\/p>\n","protected":false},"excerpt":{"rendered":"<p>Quines&nbsp;relacions laborals&nbsp;es poden donar dins d\u2019una&nbsp;cooperativa? Quines normes s\u2019apliquen a aquestes relacions? En aquesta jornada, aprendrem sobre els col\u00b7lectius que poden prestar serveis laborals a la nostra cooperativa i identificarem els seus drets i obligacions.&nbsp;S\u2019abordaran tant l\u2019\u00e0mbit societari&nbsp;com del&nbsp;personal contractat. A c\u00e0rrec de&nbsp;Mois\u00e9s Lara de&nbsp;FGC Advocats.<\/p>\n","protected":false},"featured_media":6689,"template":"","categoria-agenda":[],"class_list":["post-6688","agenda","type-agenda","status-publish","has-post-thumbnail","hentry"],"acf":[],"_links":{"self":[{"href":"https:\/\/bloc4.coop\/es\/wp-json\/wp\/v2\/agenda\/6688","targetHints":{"allow":["GET"]}}],"collection":[{"href":"https:\/\/bloc4.coop\/es\/wp-json\/wp\/v2\/agenda"}],"about":[{"href":"https:\/\/bloc4.coop\/es\/wp-json\/wp\/v2\/types\/agenda"}],"version-history":[{"count":0,"href":"https:\/\/bloc4.coop\/es\/wp-json\/wp\/v2\/agenda\/6688\/revisions"}],"wp:featuredmedia":[{"embeddable":true,"href":"https:\/\/bloc4.coop\/es\/wp-json\/wp\/v2\/media\/6689"}],"wp:attachment":[{"href":"https:\/\/bloc4.coop\/es\/wp-json\/wp\/v2\/media?parent=6688"}],"wp:term":[{"taxonomy":"categoria-agenda","embeddable":true,"href":"https:\/\/bloc4.coop\/es\/wp-json\/wp\/v2\/categoria-agenda?post=6688"}],"curies":[{"name":"wp","href":"https:\/\/api.w.org\/{rel}","templated":true}]}}

<p>Quines&nbsp;<strong>relacions laborals</strong>&nbsp;es poden donar dins d’una&nbsp;<strong>cooperativa</strong>? Quines normes s’apliquen a aquestes relacions? En aquesta jornada, aprendrem sobre els col·lectius que poden prestar serveis laborals a la nostra cooperativa i identificarem els seus drets i obligacions.&nbsp;S’abordaran tant l’<strong>àmbit societari</strong>&nbsp;com del&nbsp;<strong>personal contractat.</strong></p>



<p>A càrrec de&nbsp;Moisés Lara de&nbsp;<strong>FGC Advocats.</strong></p>

<p>Quines&nbsp;relacions laborals&nbsp;es poden donar dins d’una&nbsp;cooperativa? Quines normes s’apliquen a aquestes relacions? En aquesta jornada, aprendrem sobre els col·lectius que poden prestar serveis laborals a la nostra cooperativa i identificarem els seus drets i obligacions.&nbsp;S’abordaran tant l’àmbit societari&nbsp;com del&nbsp;personal contractat. A càrrec de&nbsp;Moisés Lara de&nbsp;FGC Advocats.</p>
