{"id":6739,"date":"2026-04-07T13:51:55","date_gmt":"2026-04-07T13:51:55","guid":{"rendered":"https:\/\/bloc4.coop\/?post_type=agenda&#038;p=6739"},"modified":"2026-04-07T13:51:59","modified_gmt":"2026-04-07T13:51:59","slug":"habitatge-cooperatiu-mirades-des-de-luruguai-i-el-salvador","status":"publish","type":"agenda","link":"https:\/\/bloc4.coop\/es\/agenda\/habitatge-cooperatiu-mirades-des-de-luruguai-i-el-salvador\/","title":{"rendered":"Habitatge cooperatiu: mirades des de l\u2019Uruguai i El Salvador"},"content":{"rendered":"\n<p>Aprofitant la visita a Barcelona de&nbsp;<strong>dues referents del cooperativisme d\u2019habitatge a Am\u00e8rica Llatina<\/strong>, organitzem una trobada de petit format per compartir experi\u00e8ncies, reptes i aprenentatges entre contextos.<\/p>\n\n\n\n<p>La sessi\u00f3 comptar\u00e0 amb la participaci\u00f3 de&nbsp;<strong>Victoria Ram\u00edrez<\/strong>, vinculada al desenvolupament del model de&nbsp;<strong>cooperativisme d\u2019habitatge per ajuda m\u00fatua a El Salvador<\/strong>, i&nbsp;<strong>Laura Schenzer<\/strong>, membre de la secretaria de la&nbsp;<strong>Federaci\u00f3n Uruguaya de Cooperativas<\/strong>&nbsp;<strong>de Vivienda por Ayuda Mutua<\/strong>&nbsp;(FUCVAM), una de les experi\u00e8ncies m\u00e9s consolidades en l\u2019\u00e0mbit internacional d\u2019habitatge cooperatiu.<\/p>\n\n\n\n<p>A trav\u00e9s d\u2019una conversa dinamitzada per&nbsp;<strong>Lorenzo Vidal&nbsp;<\/strong>(Universitat Aut\u00f2noma de Barcelona), abordarem q\u00fcestions clau com els elements centrals dels&nbsp;<strong>models d\u2019habitatge cooperatiu als seus territoris<\/strong>, les estrat\u00e8gies que han perm\u00e8s impulsar-los i sostenir-los, aix\u00ed com els principals reptes actuals \u2014tant pol\u00edtics com socials i organitzatius.<\/p>\n\n\n\n<p>Tamb\u00e9 posarem el focus en els&nbsp;<strong>aprenentatges creuats<\/strong>: qu\u00e8 poden aportar aquestes experi\u00e8ncies al context catal\u00e0 i quins elements poden ser d\u2019inter\u00e8s per als seus propis processos.&nbsp;La sessi\u00f3 inclour\u00e0 un espai final de preguntes i di\u00e0leg.<\/p>\n","protected":false},"excerpt":{"rendered":"<p>Aprofitant la visita a Barcelona de&nbsp;dues referents del cooperativisme d\u2019habitatge a Am\u00e8rica Llatina, organitzem una trobada de petit format per compartir experi\u00e8ncies, reptes i aprenentatges entre contextos. La sessi\u00f3 comptar\u00e0 amb la participaci\u00f3 de&nbsp;Victoria Ram\u00edrez, vinculada al desenvolupament del model de&nbsp;cooperativisme d\u2019habitatge per ajuda m\u00fatua a El Salvador, i&nbsp;Laura Schenzer, membre de la secretaria de [&hellip;]<\/p>\n","protected":false},"featured_media":6740,"template":"","categoria-agenda":[],"class_list":["post-6739","agenda","type-agenda","status-publish","has-post-thumbnail","hentry"],"acf":[],"_links":{"self":[{"href":"https:\/\/bloc4.coop\/es\/wp-json\/wp\/v2\/agenda\/6739","targetHints":{"allow":["GET"]}}],"collection":[{"href":"https:\/\/bloc4.coop\/es\/wp-json\/wp\/v2\/agenda"}],"about":[{"href":"https:\/\/bloc4.coop\/es\/wp-json\/wp\/v2\/types\/agenda"}],"version-history":[{"count":0,"href":"https:\/\/bloc4.coop\/es\/wp-json\/wp\/v2\/agenda\/6739\/revisions"}],"wp:featuredmedia":[{"embeddable":true,"href":"https:\/\/bloc4.coop\/es\/wp-json\/wp\/v2\/media\/6740"}],"wp:attachment":[{"href":"https:\/\/bloc4.coop\/es\/wp-json\/wp\/v2\/media?parent=6739"}],"wp:term":[{"taxonomy":"categoria-agenda","embeddable":true,"href":"https:\/\/bloc4.coop\/es\/wp-json\/wp\/v2\/categoria-agenda?post=6739"}],"curies":[{"name":"wp","href":"https:\/\/api.w.org\/{rel}","templated":true}]}}

<p>Aprofitant la visita a Barcelona de&nbsp;<strong>dues referents del cooperativisme d’habitatge a Amèrica Llatina</strong>, organitzem una trobada de petit format per compartir experiències, reptes i aprenentatges entre contextos.</p>



<p>La sessió comptarà amb la participació de&nbsp;<strong>Victoria Ramírez</strong>, vinculada al desenvolupament del model de&nbsp;<strong>cooperativisme d’habitatge per ajuda mútua a El Salvador</strong>, i&nbsp;<strong>Laura Schenzer</strong>, membre de la secretaria de la&nbsp;<strong>Federación Uruguaya de Cooperativas</strong>&nbsp;<strong>de Vivienda por Ayuda Mutua</strong>&nbsp;(FUCVAM), una de les experiències més consolidades en l’àmbit internacional d’habitatge cooperatiu.</p>



<p>A través d’una conversa dinamitzada per&nbsp;<strong>Lorenzo Vidal&nbsp;</strong>(Universitat Autònoma de Barcelona), abordarem qüestions clau com els elements centrals dels&nbsp;<strong>models d’habitatge cooperatiu als seus territoris</strong>, les estratègies que han permès impulsar-los i sostenir-los, així com els principals reptes actuals —tant polítics com socials i organitzatius.</p>



<p>També posarem el focus en els&nbsp;<strong>aprenentatges creuats</strong>: què poden aportar aquestes experiències al context català i quins elements poden ser d’interès per als seus propis processos.&nbsp;La sessió inclourà un espai final de preguntes i diàleg.</p>

<p>Aprofitant la visita a Barcelona de&nbsp;dues referents del cooperativisme d’habitatge a Amèrica Llatina, organitzem una trobada de petit format per compartir experiències, reptes i aprenentatges entre contextos. La sessió comptarà amb la participació de&nbsp;Victoria Ramírez, vinculada al desenvolupament del model de&nbsp;cooperativisme d’habitatge per ajuda mútua a El Salvador, i&nbsp;Laura Schenzer, membre de la secretaria de [&hellip;]</p>
