{"id":6849,"date":"2026-04-30T11:35:35","date_gmt":"2026-04-30T11:35:35","guid":{"rendered":"https:\/\/bloc4.coop\/?post_type=agenda&#038;p=6849"},"modified":"2026-04-30T11:35:39","modified_gmt":"2026-04-30T11:35:39","slug":"formacio-presencial-les-cures-en-els-equips-de-treball-maig-2026","status":"publish","type":"agenda","link":"https:\/\/bloc4.coop\/es\/agenda\/formacio-presencial-les-cures-en-els-equips-de-treball-maig-2026\/","title":{"rendered":"Formaci\u00f3 presencial: Les cures en els equips de treball &#8211; maig 2026"},"content":{"rendered":"\n<p>Des de l&#8217;FCTC us oferim noves accions formatives de l&#8217;\u00e0mbit del desenvolupament d&#8217;habilitats personals i directives. Aquesta sobre les cures en els equips de treball us ajudar\u00e0 a explorar, a trav\u00e9s de les vostres emocions, a generar un espai d&#8217;escolta interna i a expressar-les.<\/p>\n\n\n\n<p><strong>Contingut<\/strong><\/p>\n\n\n\n<p>\u25cf Cures i equips saludables<br>\u25cf Benestar emocional, seguretat psicol\u00f2gica i confian\u00e7a<br>\u25cf Autocura: escolta i gesti\u00f3 de les pr\u00f2pies emocions<br>\u25cf L\u2019equip que cuida: emocions, tensi\u00f3 i conflicte<\/p>\n\n\n\n<p><strong>Calendari<\/strong><\/p>\n\n\n\n<p>La formaci\u00f3 de&nbsp;<strong>Les cures en els equips de treball<\/strong>&nbsp;ser\u00e0 en modalitat presencial i constar\u00e0 d&#8217;una sessi\u00f3.<\/p>\n\n\n\n<p><strong>Dimecres 13 de maig de 2026<\/strong><\/p>\n\n\n\n<p><strong>De 10.00 a 14.00 hores<\/strong><\/p>\n\n\n\n<p><strong>Lloc de realitzaci\u00f3: Bloc4 al carrer Constituci\u00f3, 19 de Barcelona<\/strong><\/p>\n\n\n\n<p>M\u00e9s informaci\u00f3:&nbsp;<a href=\"mailto:formacio@cooperativestreball.coop\">formacio@cooperativestreball.coop<\/a><\/p>\n\n\n\n<p><\/p>\n","protected":false},"excerpt":{"rendered":"<p>Des de l&#8217;FCTC us oferim noves accions formatives de l&#8217;\u00e0mbit del desenvolupament d&#8217;habilitats personals i directives. Aquesta sobre les cures en els equips de treball us ajudar\u00e0 a explorar, a trav\u00e9s de les vostres emocions, a generar un espai d&#8217;escolta interna i a expressar-les. Contingut \u25cf Cures i equips saludables\u25cf Benestar emocional, seguretat psicol\u00f2gica i [&hellip;]<\/p>\n","protected":false},"featured_media":0,"template":"","categoria-agenda":[],"class_list":["post-6849","agenda","type-agenda","status-publish","hentry"],"acf":[],"_links":{"self":[{"href":"https:\/\/bloc4.coop\/es\/wp-json\/wp\/v2\/agenda\/6849","targetHints":{"allow":["GET"]}}],"collection":[{"href":"https:\/\/bloc4.coop\/es\/wp-json\/wp\/v2\/agenda"}],"about":[{"href":"https:\/\/bloc4.coop\/es\/wp-json\/wp\/v2\/types\/agenda"}],"version-history":[{"count":1,"href":"https:\/\/bloc4.coop\/es\/wp-json\/wp\/v2\/agenda\/6849\/revisions"}],"predecessor-version":[{"id":6850,"href":"https:\/\/bloc4.coop\/es\/wp-json\/wp\/v2\/agenda\/6849\/revisions\/6850"}],"wp:attachment":[{"href":"https:\/\/bloc4.coop\/es\/wp-json\/wp\/v2\/media?parent=6849"}],"wp:term":[{"taxonomy":"categoria-agenda","embeddable":true,"href":"https:\/\/bloc4.coop\/es\/wp-json\/wp\/v2\/categoria-agenda?post=6849"}],"curies":[{"name":"wp","href":"https:\/\/api.w.org\/{rel}","templated":true}]}}

Formació presencial: Les cures en els equips de treball &#8211; maig 2026

<p>Des de l&#8217;FCTC us oferim noves accions formatives de l&#8217;àmbit del desenvolupament d&#8217;habilitats personals i directives. Aquesta sobre les cures en els equips de treball us ajudarà a explorar, a través de les vostres emocions, a generar un espai d&#8217;escolta interna i a expressar-les.</p>



<p><strong>Contingut</strong></p>



<p>● Cures i equips saludables<br>● Benestar emocional, seguretat psicològica i confiança<br>● Autocura: escolta i gestió de les pròpies emocions<br>● L’equip que cuida: emocions, tensió i conflicte</p>



<p><strong>Calendari</strong></p>



<p>La formació de&nbsp;<strong>Les cures en els equips de treball</strong>&nbsp;serà en modalitat presencial i constarà d&#8217;una sessió.</p>



<p><strong>Dimecres 13 de maig de 2026</strong></p>



<p><strong>De 10.00 a 14.00 hores</strong></p>



<p><strong>Lloc de realització: Bloc4 al carrer Constitució, 19 de Barcelona</strong></p>



<p>Més informació:&nbsp;<a href="mailto:formacio@cooperativestreball.coop">formacio@cooperativestreball.coop</a></p>



<p></p>

<p>Des de l&#8217;FCTC us oferim noves accions formatives de l&#8217;àmbit del desenvolupament d&#8217;habilitats personals i directives. Aquesta sobre les cures en els equips de treball us ajudarà a explorar, a través de les vostres emocions, a generar un espai d&#8217;escolta interna i a expressar-les. Contingut ● Cures i equips saludables● Benestar emocional, seguretat psicològica i [&hellip;]</p>
